 - 57*r + 3. Let b(u) = -7*a(u) + 6*v(u). What is b(-4)?
-51
Let y be 2/(-5) - 12/20. Let f(n) be the third derivative of n**4/2 + n**3/6 - 118*n**2 + 6*n - 2. Give f(y).
-11
Let t(b) be the second derivative of b**6/360 - b**5/20 - b**4/24 + 89*b**3/6 - b + 27. Let j(h) be the second derivative of t(h). What is j(5)?
-6
Let x be 34 - 38 - (-6)/1. Let b(w) = 0*w - 2*w - 2*w + x*w + 0*w. Calculate b(3).
-6
Let t(j) be the second derivative of -j**7/2520 - j**6/144 + j**5/20 - 7*j**4/6 - j**3/2 + 9*j + 2. Let k(f) be the third derivative of t(f). Give k(-6).
0
Let y be (-1*(-8)/(-2))/(55 - 54). Let g(p) be the second derivative of -p**4/24 - 4*p**2 + 20*p. Let f(m) be the first derivative of g(m). Determine f(y).
4
Suppose 6 = -39*h + 42*h. Let d(o) = -9*o**h - 5 - 14*o**2 + 22*o**2 - 8*o. Calculate d(-8).
-5
Suppose -4*h + 20 - 92 = 0. Let g = -3 - h. Suppose 0 = -g*x + 14*x + 7. Let u(q) = q**2 - 7*q - 9. What is u(x)?
-9
Let g(j) = j**2 - 13*j + 26. Let k be 1*6/(-21) + 79/7. Let i be g(k). Suppose -i*q - 4 = -12. Let y(p) = -2*p**2 + 2*p + 1. Give y(q).
-3
Let x = -11 + 10. Let z be (x - -3) + 6*(-3)/6. Let o(h) = -2*h**2 + h + 1. Let l(g) = -g**2 - g - 1. Let m(j) = z*o(j) + 3*l(j). Calculate m(-5).
-9
Let v(m) = 2*m + 5. Let a be (-9)/1*5*(-8)/40. Suppose -a*f - f = -540. Let n = f + -62. Determine v(n).
-11
Let y = 84 + -78. Let i be 2 - 3/y*-4. Suppose 0*w - w + 2*u = 5, 2*u - i = 0. Let j(p) = -16*p. Determine j(w).
16
Suppose 47 = -3*q + 56. Let u(a) be the first derivative of 2/3*a**3 - 2*a**2 + 0*a - 2. What is u(q)?
6
Let v(m) be the third derivative of -m**5/60 + 5*m**4/12 + 24*m**3 - 839*m**2. Give v(-8).
0
Let l = 580 - 404. Suppose -179*b = -l*b + 12. Let s(y) = -4*y - 9. Determine s(b).
7
Let m(b) = -b**3 + 6*b**2 - 6*b + 1. Let d = 115 - -21. Suppose -3*k - 2*v = -85, 7*k - 3*v - d = 3*k. Let p = k + -27. Give m(p).
9
Suppose 0 = -4*t - q + 263, -4*q - 111 = -4*t + 157. Let w = 61 - t. Let h(m) = m**3 + 4*m**2 - 5*m + 2. Determine h(w).
2
Let i(o) be the third derivative of -1/12*o**5 + 1/120*o**6 + 21*o**2 + 0*o**3 - 2 + 0*o**4 + 0*o. Let p(a) = a + 9. Let t be p(-4). Calculate i(t).
0
Let f = 1 - 1. Let t = 1 + f. Let x(y) = 61774*y**2 - y + 1 - 123540*y**2 + 61769*y**2. Calculate x(t).
3
Let k = -4337 - -4332. Let j(c) = c + 12. Give j(k).
7
Let l(j) = -3*j**2 - 3*j + 9. Let x be (-4 - (-20)/((-8)/((-28)/7))) + -1. Calculate l(x).
-81
Let j(t) = -t**2 - 23*t - 7. Suppose -17*d = -14*d - 3*a + 87, -4*d - 5*a = 80. Calculate j(d).
-57
Let a(u) = 2*u**3 + 4*u - 2. Let t(h) = -9*h**3 - 7*h**2 - 24*h - 5. Let q(p) = 4*a(p) + t(p). What is q(-6)?
-1
Let g(s) = -s**3 - 6*s**2 - 5*s - 10. Let v be g(-5). Let y be (-12 - (0 - 5)) + v/(-2). Let z(u) = 2*u**3 + 3*u**2 + 2*u - 1. Determine z(y).
-9
Let n(q) = -2*q**3 + 16*q**2 + 2*q - 1. Let l be n(8). Suppose 0 = 16*m - l*m - 1. Let y(v) = -3 - 4 - 4*v + m - 1. Calculate y(-5).
13
Suppose -3 = 4*h - 5*h, 4*v + 5*h - 639 = 0. Let m = -160 + v. Let k(a) = -2*a**2 - 4*a + 5. Calculate k(m).
-11
Suppose 0 = -3*w - 2*w + 55. Let x(k) be the third derivative of -k**6/120 + 11*k**5/60 + k**4/12 - 3*k**3/2 + 28300*k**2. What is x(w)?
13
Suppose 0 = 4*a + 28, 5*a - 50 = 5*j - 75. Let l(g) be the third derivative of g**6/40 + g**5/60 + g**4/24 + g**3/3 - 2*g**2. Determine l(j).
-20
Let i(u) be the third derivative of -u**6/144 + u**5/120 + u**4/12 + 5*u**3/3 + u**2 - 22*u. Let t(k) be the second derivative of i(k). Calculate t(-5).
26
Let i(v) = -8*v - 2. Let z = -85 - -87. Suppose z*h - 4*h + 4*w = -2, -5*w = 10. Calculate i(h).
22
Let k(z) = 6*z**2 + 0*z + z**3 - 8*z + 13 - 12*z**2. Let w(l) = 31*l - 2752. Let m be w(89). Give k(m).
6
Let i(z) = 6*z**3 + 12*z**2 - 4*z - 50. Let y(m) = -5*m**3 - 12*m**2 + 9*m + 43. Let k(b) = 4*i(b) + 5*y(b). Give k(-14).
1
Let z(q) = 5 + 34*q - 19*q + 24*q - 10 + 46. Give z(-2).
-37
Let y(b) = -22*b - 17. Let o be y(-2). Suppose 49*m = 46*m + o. Let i(h) = -h**3 + 10*h**2 - 8*h - 8. What is i(m)?
1
Suppose 8 = -x + 9. Let k be (-1 + 0 + 1)/x + 2. Let p(h) = -4*h - 9*h**2 - 2*h + k*h + 10*h**2 - 7. What is p(5)?
-2
Let j(b) be the first derivative of b**4/4 - 7*b**3/3 + 2*b**2 + 2*b - 1723. Suppose -4*t + 24 = -3*s - 2*s, 4*t + 2*s - 24 = 0. Give j(t).
-10
Let j(a) = -11*a + 39. Suppose -1670 = 96*u - 364*u - 66*u. Give j(u).
-16
Let j(y) = -y**2 + 7*y - 3. Let q = -100 + 116. Let x be (-3)/((-40)/q - (-3 - -1)). Give j(x).
3
Let g(s) = 5*s - 44. Let u = -23 - -32. Let i be g(u). Let q(r) = -8*r + 5*r + i + 5*r. Give q(-1).
-1
Let x(w) = -w**2 + 2*w + 7. Let l(u) = -37*u - 228. Let g be l(-9). Let f = -110 + g. Calculate x(f).
-28
Let d(x) = 7*x + 94. Let p be d(-14). Let t be (-2)/p*(-3 + -2 + 1). Let q(g) = -4*g**2 - 3 + 1 - 3 + 2 - g**3 - 3*g. What is q(t)?
-5
Let q(y) be the second derivative of y**4/12 - y**3/3 + 21*y**2/2 - 307*y. Calculate q(0).
21
Suppose -5*r - 15 = 0, -6 = 2*i - r - 13. Let j(f) = -4*f**2 - 12*f - 12. Let y(l) = -3*l**2 - 11*l - 12. Let m(s) = i*j(s) - 3*y(s). Give m(-7).
-2
Let i(j) = 1 - 3 + 6*j - 9*j. Let n be i(0). Let o = n - -3. Let g(y) = 12*y**3 - y**2 + 2*y - 1. Determine g(o).
12
Suppose b = 3*b + 6, 2*z - 2*b - 12 = 0. Let x(q) = q**2 - 4 + 4*q + 3 + z. Let l = -299992 + 299987. Determine x(l).
7
Let b(a) be the second derivative of -5*a + 6 - 25/6*a**3 + 0*a**2. Give b(1).
-25
Let i(g) = g - 3. Let u be (56/(-21))/(3 + 300/(-99)). Suppose -31*l + 75*l - u = 0. Determine i(l).
-1
Suppose 2*q - f = 4, -q + 5*f = -89 + 69. Let p(z) be the second derivative of -20*z + 1/12*z**4 + 0 + q*z**2 + 1/2*z**3. Calculate p(-5).
10
Let p be 175/20*4 + 0. Suppose 72*m - 67*m = p. Let c(s) = s**3 - 8*s**2 + 4*s + 6. What is c(m)?
-15
Let p(g) = 7*g + 66. Let c be (-1280)/768 - 22/3. What is p(c)?
3
Suppose -11982*o + 12029*o - 752 = 0. Let t(u) = 2*u - 43. What is t(o)?
-11
Let r(k) = -k**2 + 49*k - 348. Suppose 88 + 50 = 2*d + 58. Determine r(d).
12
Let m(g) = 8*g - 4. Let l be (-168)/(-32) + 2/(-8). Let x(s) = s. Let t(p) = l*x(p) - m(p). Let i be (-18)/(-12)*10/3. Give t(i).
-11
Suppose -66 + 39 = 3*u. Let m(l) be the first derivative of l**4/4 + 11*l**3/3 + 13*l**2/2 - 1231. Calculate m(u).
45
Let n(v) be the second derivative of 3*v**5/20 - v**4/6 + v**3/3 - 7*v**2 + 1724*v. What is n(2)?
6
Let b(y) = 11*y + 1. Let r be 0 - (-2 - -6)/(-4). Let s be (770/(-245) - r/(-7)) + 5. What is b(s)?
23
Let f = 13 + -307. Let j = -295 - f. Let k(b) be the first derivative of 11*b**2/2 + b - 4. Calculate k(j).
-10
Let y(s) = s - 18. Let i be 24/(-8) - (-180)/12. Give y(i).
-6
Let o(f) = 221 - 115 - 7*f - 144. What is o(-7)?
11
Let m(o) = o**2 - o - 1. Let k(y) be the third derivative of y**5/15 + 7*y**4/24 + 11*y**3/6 + 52*y**2 + y. Let i(f) = -k(f) + 5*m(f). Give i(13).
-3
Let u(l) = 682*l**3 + 672*l**3 + 677*l**3 - 2023*l**3. Let y be (-1)/(-2 + (-9)/(-6)). Suppose -y*x - 6 = -4. Determine u(x).
-8
Let k(f) = -f - 1. Let c(w) = w**2 - 7*w + 12. Let q(s) = c(s) + 2*k(s). Let p(h) = 3827*h + 26796. Let r be p(-7). Determine q(r).
-4
Suppose 0 = -0*z + 43*z - 24080. Let k = -563 + z. Let n(b) = 2*b + 0*b**2 + 2 - 5 + b**3 + 4*b**2. Give n(k).
0
Let p(s) = -8*s + 65. Let x be p(7). Let v(c) = 1 + 10*c - 2 - 8*c - x*c. Calculate v(-2).
13
Let t(b) = 8*b**2 - 52*b - 6. Suppose o = 5*z + 6, -44*o + 45*o + 3*z = 6. What is t(o)?
-30
Let p(t) = t. Let y(c) = -2*c**2 + 18*c - 8. Let h be y(8). Suppose h*f - 96 = -8*f. Calculate p(f).
6
Let g(a) = 16 - 41*a**3 + 12*a + 2*a**2 + 25*a**3 - 13*a**2 + 5*a + 15*a**3. What is g(-12)?
-44
Let d(m) = -m**3 - 4*m - 6. Let i be d(0). Let w be (-348)/42 + i/(-21). Let c(t) = -t**2 - 7*t + 11. Give c(w).
3
Let r(f) = -43 - 5*f + 23*f + 131 - 50 - 48 + 2*f**2. Determine r(-8).
-26
Let z(h) = -h**2 + 11*h - 10. Let n(k) = -k + 2. Let w(v) = 2*n(v) + z(v). Suppose 70*g = 64 + 496. Give w(g).
2
Let s = -5766 - -5760. Let o(v) = -v**2 - 14. What is o(s)?
-50
Let a(d) = -13*d. Let w be a(-2). Let r = 27 - w. Let n(u) = 6*u**2 - u - u - u**3 - u**2 + 2 - 3*u**2 - 1. What is n(r)?
0
Suppose 2796*i = 2788*i - 24. Let b(s) = 22*s + 9. Give b(i).
-57
Let v(n) = n - 2*n - 3 + 3*n - 2*n**2. Let t = -1399 + 1425. Suppose 104 = t*l + 26*l. What is v(l)?
-7
Let j(k) = 64402*k + 37*k**2 - 64420*k - 40*k**2. Give j(-8).
-48
Let 